ulate the remainder when 25 is divided by r.
4
Let z = 17 + -9. Let n(f) be the second derivative of f**5/20 + 7*f**4/12 + 2*f**3/3 + f**2/2 - f. Calculate the remainder when n(-6) is divided by z.
5
What is the remainder when 2014/(-95)*(-5)/2 is divided by (2/5)/(5/175)?
11
Let j(b) = b**3 - 9*b**2 - 7*b - 11. What is the remainder when (0 - 1)/((-1)/35) is divided by j(10)?
16
Suppose -4*j + 98 + 210 = 0. Calculate the remainder when j is divided by 13.
12
Suppose 3 = c + 2*c, 5*u - 45 = -5*c. Calculate the remainder when 14 is divided by u.
6
Suppose -l - 30 = -4*l. Let o be (1 + 5)*1/(-2). What is the remainder when l is divided by (-16)/o - 2/(-3)?
4
Let j = 9 + -5. Let w = -7 + 2. Let k(b) = b**2 + 4*b + 2. What is the remainder when k(w) is divided by j?
3
Let p(x) = -5*x - 14. Calculate the remainder when 63 is divided by p(-6).
15
What is the remainder when 37 is divided by 1/3*6 + 17?
18
Let s(m) = -14*m + 4*m - 23 + 20. Calculate the remainder when s(-6) is divided by 15.
12
Let v = 7 - -8. Suppose 3*l = -9 + 138. Calculate the remainder when l is divided by v.
13
Let x(z) = 2*z + z**3 + 6 + 4 - z - 2. Let f(a) = a**3 + a + 7. Let h(v) = -4*f(v) + 3*x(v). What is the remainder when h(-3) is divided by 14?
12
Let d = -19 - -43. What is the remainder when 94 is divided by d?
22
Let k(i) = i**2 + 5*i + 4. Let s(n) = -n**3 + 5*n**2 - 3*n - 3. Let g be s(4). Calculate the remainder when (-1)/(g*3/(-57)) is divided by k(-6).
9
Suppose 3*l = 18 - 3. What is the remainder when 22/8 + (-12)/16 - -17 is divided by l?
4
Let y = 14 + -2. Calculate the remainder when 21 is divided by y.
9
Suppose -i + 60 = -0*i. Suppose -3*x - 4*y = -85, x + 0*y = 5*y + i. Calculate the remainder when x is divided by (-2)/3 - 38/(-3).
11
Suppose -m = -4*m. Suppose 0 = -2*q - m + 4. Suppose 3*c = -y + 14, -5*c + 28 = -q*y + 1. Calculate the remainder when 18 is divided by c.
3
Suppose j + 3*s - 2*s - 18 = 0, -2*j = -5*s - 29. Calculate the remainder when 29 is divided by j.
12
Let g = 10 + 89. What is the remainder when g is divided by 51?
48
Let p(y) = y**2 + 2*y + 6. Calculate the remainder when p(4) is divided by 17.
13
What is the remainder when 59 is divided by 4/8*1/(3/180)?
29
Let m(a) = 5*a - 4. Let j be 1 + -3*1*-1. Suppose 2*t - 155 = -5*r - 2*t, 0 = -4*r - t + 124. What is the remainder when r is divided by m(j)?
15
Let y = 28 - 12. Calculate the remainder when ((-6)/3)/2 + 62 is divided by y.
13
Calculate the remainder when 57 is divided by 153/9 + 3/1.
17
Suppose -5*u = 4*b - 502 + 36, -3*b + u + 340 = 0. Calculate the remainder when b is divided by 30.
24
Let a(l) = l**3 - 2*l**2 - 6*l + 2. Let r be 2/(-17) - (-350)/85. Calculate the remainder when 26 is divided by a(r).
6
Let g be (-55)/(-2) - 1/2. Let c(x) = x**3 + 4*x**2 - 3. Let w be c(-4). Let t = g - w. Calculate the remainder when t is divided by 8.
6
Let d(l) = 6*l + 4. Suppose 5*o - 24 = 1. What is the remainder when d(o) is divided by 9?
7
What is the remainder when (201/6)/(1/2) is divided by 23?
21
Suppose 2*w + 2*w - 15 = k, 21 = 5*w - 2*k. Suppose 130 = 5*q - 5*n, -2*q = w*n - 14 - 23. What is the remainder when 67 is divided by q?
21
Let p(l) = l**2 - 5*l + 1. Let v be p(5). Let f = 3 + v. Let s(c) = -c**2 - 6*c + 2. Calculate the remainder when s(-4) is divided by f.
2
Suppose z - 2*l + 0*l - 35 = 0, -2*z = 2*l - 52. What is the remainder when 113 is divided by z?
26
Let i(p) = -p**2 + 9*p - 4. Suppose -2 = 2*u - 8, -5*u = -c - 9. Let k(o) = -8*o + 16. Calculate the remainder when k(-3) is divided by i(c).
12
Let v be 4 + 4 + (-1 - 2). Let t = v - -26. Calculate the remainder when t is divided by 16.
15
Let f(p) = -7*p + 37. What is the remainder when f(-13) is divided by 33?
29
Suppose -4*z = 5*c - 30, 2*z - c - c = 6. Let f = -20 - -29. What is the remainder when f is divided by z?
4
Let t be (-8)/(-24) + 1/(-3). Suppose 2*d + 9 = 3*g, 0 = 4*g - 3*d - t*d - 11. What is the remainder when 12 is divided by g?
2
Suppose -3*a + 228 = 3*f, 5*f - 233 = 2*f - 2*a. Let c = f + -54. What is the remainder when 78 is divided by c?
24
Suppose 74 = 4*c - 2*c. Let s = 2 + 4. Calculate the remainder when c is divided by (76/(s/(-3)))/(-2).
18
Suppose 3*p - 80 = -5*k + 7*p, 3*k + 2*p - 48 = 0. Calculate the remainder when 39 is divided by ((-8)/2 - -2) + k.
11
Let d(b) = 28*b - 49. Calculate the remainder when d(4) is divided by 35.
28
Suppose 3*f + i = 2*i + 95, -3*i = -5*f + 153. Suppose u = 4*z - 3*z - f, 5*u = -3*z + 139. Calculate the remainder when z is divided by 10.
8
Let v = 5 - -1. Suppose 3*t - 35 = 34. Suppose 2*s = 2*j + t + 9, 4*j - 13 = -3*s. What is the remainder when s is divided by v?
5
Let a(l) = -11*l + 80. What is the remainder when 11/(1 - 0/(-2)) is divided by a(7)?
2
Suppose 0 = 3*i - 56 + 11. What is the remainder when (-50)/i*(-30)/4 is divided by 13?
12
Let x be (4/10)/(4/20). Suppose 17 = -b + 2*b + 2*f, 0 = -2*b + x*f + 52. Calculate the remainder when b is divided by 13.
10
Let b = 235 + -155. Suppose -3*d + b = 2*d. What is the remainder when 6/27 + 268/9 is divided by d?
14
Let b = 49 - 33. What is the remainder when 61 is divided by b?
13
Suppose -2*g = -7*g. Suppose -i + 2 = g, 103 + 11 = 5*c - 3*i. Let v(a) = a**3 - 12*a**2 - 13*a + 13. What is the remainder when c is divided by v(13)?
11
Let j(m) = 3*m - 5. Let g be j(-4). Let s = g - -30. Calculate the remainder when 6*10*4/10 is divided by s.
11
Let z(p) = p**2 - 5*p + 1. Let g be z(6). Suppose -3*j + 2 = -g. Suppose -d + 44 = j*d. What is the remainder when 42 is divided by d?
9
Let n(a) = a**3 - 9*a**2 + 18*a - 2. Suppose -6 = -0*q - q + 4*m, -4*q + 41 = m. What is the remainder when n(7) is divided by q?
6
Let h = 50 + -39. Calculate the remainder when h is divided by 4.
3
Let y(t) = 8*t + 2. Suppose 128 = 4*c - 4*m, -2*m + 24 = c - 2. Calculate the remainder when y(7) is divided by c.
28
Let p(u) = u**2 - 8*u - 4. Let v be p(9). Suppose 57 = v*l - 83. What is the remainder when l is divided by 15?
13
Suppose -2*h + 2*n = 4*n - 64, 64 = 2*h + 5*n. Calculate the remainder when h is divided by 11.
10
Let o be ((-3)/(-2))/(9/204). Suppose 4*w = s - 2, -2*s - 3*s + o = 4*w. What is the remainder when (60 + 2)*3/s is divided by 16?
15
Let w = -52 - -62. Suppose -2*n + 2*z - 5 + 15 = 0, 0 = -4*n - 3*z + 6. Suppose -w = -n*d + 2. Calculate the remainder when 6 is divided by d.
2
Suppose -d = d, 3*d = -5*i + 40. Let x = -8 - -10. Suppose -2*m = -m + x*a - 23, 3*m = -5*a + 64. What is the remainder when m is divided by i?
5
Suppose 3*m - 84 = -m. What is the remainder when 60 is divided by m?
18
Suppose -x + 5*a = 1, -3*x + 3*a = -6 - 3. What is the remainder when 14 is divided by x?
2
Suppose 3*c + 32 - 8 = 5*h, -20 = -5*h + 5*c. Calculate the remainder when 29 is divided by h.
5
Suppose -6*m + 13 = -23. Calculate the remainder when 17 is divided by m.
5
Let a = -43 + 64. Suppose -a + 9 = -3*n + 2*w, 0 = -2*n - 3*w + 8. What is the remainder when 7 is divided by n?
3
Suppose 49 = 2*z + 1. Calculate the remainder when z is divided by 13.
11
Let p(r) = 2*r**2 + 5*r - 2. Calculate the remainder when p(-6) is divided by 21.
19
Let n be 0*1/(-3) + 4. Suppose n*r - 2*r = 18. What is the remainder when 25 is divided by r?
7
Let t = 3 - -9. Suppose 3*b - 47 = 2*b. Calculate the remainder when b is divided by t.
11
Let o(z) = z**3 - 5*z**2 - 5*z - 3. Let s be (-46)/(-8) - 1/(-4). What is the remainder when o(s) is divided by 1?
0
Suppose -3*f = -2*i - 3*i + 172, 3*i + 4*f - 109 = 0. What is the remainder when 66 is divided by i?
31
Let v(g) = -43*g. Let z = 14 + -14. Suppose 4*j = -z*j + 88. What is the remainder when v(-1) is divided by j?
21
What is the remainder when 18 is divided by 0/(-2 - -3) + 7?
4
Suppose 7 - 2 = -v, v = -5*f + 1065. Calculate the remainder when f is divided by 36.
34
Let h(r) = r**2 - 6*r - 85. Calculate the remainder when h(13) is divided by (-7)/(-3) - 2/(-3).
0
Let t = 0 + 7. Calculate the remainder when t is divided by 2.
1
Suppose -3*j - 1 = -r, -2*j = -r - r + 14. What is the remainder when 53 is divided by r?
3
Let p(o) = -o**3 + 5*o**2 + 14*o + 3. Let q = 70 - 50. Suppose -q = -3*c + 4. What is the remainder when c is divided by p(7)?
2
Suppose 5*y + 27 - 90 = -k, 4*k = 4*y - 36. Supp